ime number?
False
Is 793469 composite?
True
Is 212474479 composite?
True
Is 129363085 a prime number?
False
Is 404941 composite?
False
Is 15148015 a prime number?
False
Is 41738111 composite?
True
Is 394750969 prime?
False
Is 43956217 composite?
True
Is 3469943 a composite number?
False
Is 1804469 a prime number?
True
Is 2192821 composite?
False
Is 507769 composite?
True
Is 133631 a prime number?
True
Is 9585131 a prime number?
True
Is 684197 prime?
False
Is 86856479 composite?
True
Is 10868573 composite?
False
Is 9296369 a prime number?
True
Is 80876557 a composite number?
False
Is 1817443 prime?
False
Is 1508546651 a prime number?
True
Is 140088097 composite?
True
Is 22881403 composite?
True
Is 282308561 a composite number?
False
Is 1352983 a composite number?
True
Is 420140297 prime?
True
Is 67989821 composite?
False
Is 56760761 prime?
True
Is 418712509 a prime number?
True
Is 21466279 prime?
True
Is 433330013 a composite number?
True
Is 5602477 prime?
False
Is 899969197 a prime number?
True
Is 2801237 a prime number?
True
Is 15034471 a prime number?
True
Is 288287 a composite number?
True
Is 865667 prime?
False
Is 1576122635 a composite number?
True
Is 14293417 a composite number?
False
Is 178827371 composite?
True
Is 5072227 prime?
False
Is 232079599 a composite number?
False
Is 5589317 a prime number?
True
Is 52338927 prime?
False
Is 3488405 composite?
True
Is 774451 prime?
False
Is 412933 a composite number?
True
Is 952691 a prime number?
True
Is 1904523 prime?
False
Is 189462067 a composite number?
True
Is 296447 a composite number?
True
Is 139487153 a composite number?
True
Is 1763807 prime?
False
Is 1163783 a prime number?
True
Is 2619515 composite?
True
Is 1788139 composite?
False
Is 38796545 a prime number?
False
Is 4913917 prime?
True
Is 228425527 composite?
True
Is 369378985 composite?
True
Is 26849813 composite?
True
Is 55557497 prime?
False
Is 299843 a composite number?
False
Is 53476589 prime?
True
Is 5400019 composite?
False
Is 61156061 a composite number?
True
Is 7980641 composite?
True
Is 6830521 a prime number?
True
Is 52402033 a prime number?
True
Is 439041857 prime?
True
Is 75951041 prime?
True
Is 16150471 composite?
False
Is 26290678 a prime number?
False
Is 1881355313 a prime number?
True
Is 35993389 prime?
True
Is 27698053 a composite number?
False
Is 4708747 prime?
True
Is 1745918077 prime?
True
Is 456421019 a composite number?
True
Is 53571293 a composite number?
False
Is 622241 composite?
False
Is 76237363 prime?
True
Is 15805927 prime?
True
Is 3753691 composite?
False
Is 16797067 a prime number?
False
Is 311624983 a composite number?
False
Is 158637169 a prime number?
True
Is 247579 a prime number?
True
Is 26336099 composite?
True
Is 28029178 prime?
False
Is 1616423 a composite number?
True
Is 4413913 a composite number?
True
Is 22809047 a composite number?
False
Is 18406177 composite?
True
Is 337534159 a prime number?
False
Is 25377199 a composite number?
False
Is 202503497 a prime number?
False
Is 2484083 prime?
False
Is 962893 composite?
True
Is 60873361 a composite number?
False
Is 175736777 composite?
False
Is 1009573 composite?
False
Is 15902797 composite?
False
Is 381680785 composite?
True
Is 254390497 a prime number?
False
Is 352183253 composite?
False
Is 779327 composite?
False
Is 57614483 a prime number?
False
Is 343517 prime?
True
Is 219556949 a prime number?
True
Is 113698243 prime?
True
Is 9249721 composite?
True
Is 34521811 prime?
False
Is 11901437 composite?
False
Is 147740083 a prime number?
False
Is 79532207 prime?
True
Is 21620411 a prime number?
True
Is 142661 prime?
False
Is 3312349 a prime number?
False
Is 140250443 a prime number?
False
Is 37624387 composite?
False
Is 823619 a prime number?
True
Is 58741469 prime?
True
Is 647759779 a prime number?
False
Is 255929371 a composite number?
False
Is 4876562 composite?
True
Is 3858899 prime?
False
Is 855069 composite?
True
Is 3527911 prime?
False
Is 5609927 a prime number?
True
Is 78541591 prime?
True
Is 3516109 a prime number?
True
Is 15223171 a prime number?
False
Is 3651239 composite?
False
Is 6225833 prime?
False
Is 235451257 prime?
True
Is 279602351 composite?
True
Is 5423921 a prime number?
True
Is 375160487 a prime number?
False
Is 13153519 a composite number?
True
Is 97244837 prime?
False
Is 267297845 prime?
False
Is 658462367 a prime number?
True
Is 1023821 composite?
False
Is 58274171 a prime number?
False
Is 165749 prime?
True
Is 7129043 prime?
False
Is 6679481 composite?
False
Is 58907731 a prime number?
False
Is 311517001 composite?
False
Is 6006229 composite?
False
Is 9853627 composite?
True
Is 137831677 composite?
False
Is 4124359 composite?
True
Is 318819091 composite?
False
Is 330661 composite?
False
Is 46955599 a composite number?
True
Is 50208835 a prime number?
False
Is 21770653 a prime number?
True
Is 813856799 prime?
False
Is 53099507 prime?
True
Is 87041909 a composite number?
False
Is 79713671 composite?
False
Is 7017851 composite?
False
Is 25504679 a prime number?
True
Is 3200433 a prime number?
False
Is 10752529 composite?
False
Is 8815199 a prime number?
False
Is 21402137 composite?
False
Is 1515361465 a prime number?
False
Is 1699177 prime?
True
Is 19523719 prime?
True
Is 19838449 composite?
False
Is 13913731 a composite number?
True
Is 224281729 a composite number?
True
Is 204798595 a prime number?
False
Is 3242909 prime?
True
Is 296663 a composite number?
False
Is 32224629 a prime number?
False
Is 60730417 a prime number?
False
Is 107587127 a prime number?
True
Is 5973707 a prime number?
True
Is 560341 a composite number?
False
Is 6717457 composite?
False
Is 21586151 prime?
True
Is 268258447 prime?
False
Is 37183529 a composite number?
False
Is 361826933 composite?
True
Is 29100977 composite?
True
Is 10514029 composite?
False
Is 5470593 a composite number?
True
Is 412003 a composite number?
True
Is 5370731 a composite number?
False
Is 317173 a prime number?
False
Is 14415289 prime?
False
Is 63453427 a prime number?
True
Is 3084203 a composite number?
False
Is 3443747 prime?
False
Is 3061843 prime?
False
Is 3379385 prime?
False
Is 1217640673 a composite number?
True
Is 282713201 composite?
False
Is 1651755055 a composite number?
True
Is 273443 prime?
False
Is 3020161 a composite number?
False
Is 69470591 a prime number?
False
Is 4542797 a prime number?
False
Is 21683473 prime?
False
Is 86401 a composite number?
True
Is 12424283 a composite number?
True
Is 830297393 a composite number?
False
Is 42597353 a composite number?
True
Is 18027011 prime?
True
Is 55723249 a prime number?
True
Is 6195067 composite?
True
Is 13035901 a composite number?
True
Is 2512759 prime?
True
Is 14041463 prime?
False
Is 8165303 composite?
False
Is 57867727 composite?
False
Is 35854837 a prime number?
False
Is 3478357 prime?
True
Is 6479195 a composite number?
True
Is 1387069 a prime number?
True
Is 9082877 a composite number?
False
Is 2679301 a composite number?
False
Is 14589811 a prime number?
False
Is 213893517 prime?
False
Is 13489291 a prime number?
True
Is 768363997 composite?
True
Is 959449 a prime number?
True
Is 240658261 a prime number?
False
Is 382081573 a prime number?
False
Is 7438857 a prime number?
False
Is 7612739 a composite number?
True
Is 66336973 a prime number?
False
Is 358025383 a composite number?
True
Is 13372826 composite?
True
Is 82315097 a composite number?
True
Is 12260009 prime?
False
Is 12322859 prime?
True
Is 428777 prime?
True
Is 137909 a prime number?
True
Is 51367 composite?
True
Is 12201079 prime?
False
Is 48097849 a prime number?
True
Is 15544379 a prime number?
False
Is 635653 prime?
True
Is 3773993 a prime number?
True
Is 18577939 composite?
False
Is 4635611 prime?
False
Is 492955909 prime?
True
Is 31691021 a prime number?
False
Is 2508617 composite?
True
Is 4643879 a composite number?
True
Is 185735687 composite?
False
Is 1238281 composite?
True
Is 33038429 a prime number?
False
Is 187121 a prime number?
False
Is 51271327 a composite number?
True
Is 3917681 a prime number?
True
Is 8738213 composite?
True
Is 261173039 composite?
False
Is 63360043 a prime number?
True
Is 14868031 a prime number?
True
Is 1280003 composite?
True
Is 8798649 a prime number?
False
Is 256162823 prime?
False
Is 790272227 compo